ulate the highest common divisor of 42063 and 42.
21
What is the greatest common factor of 11 and 1114168?
11
Calculate the highest common factor of 160 and 363530.
10
What is the highest common factor of 15085 and 245?
35
What is the highest common factor of 98 and 30002?
14
What is the highest common factor of 1800 and 1450?
50
What is the greatest common divisor of 107019 and 207?
207
What is the highest common factor of 22 and 100265?
11
Calculate the highest common divisor of 689 and 456807.
689
What is the greatest common factor of 20375 and 2125?
125
Calculate the highest common factor of 94339 and 21.
7
Calculate the greatest common factor of 5310 and 3237330.
1770
What is the greatest common divisor of 970931 and 13?
13
Calculate the highest common factor of 5718700 and 1325.
1325
What is the greatest common divisor of 28 and 990360?
28
What is the greatest common divisor of 130879 and 49?
49
What is the greatest common factor of 835 and 11356?
167
Calculate the greatest common factor of 1475 and 398840.
295
Calculate the highest common factor of 748020 and 42.
42
Calculate the greatest common divisor of 2155 and 10.
5
Calculate the greatest common factor of 91 and 1168921.
13
Calculate the greatest common divisor of 348 and 2864388.
348
What is the highest common factor of 984 and 19434?
246
What is the highest common divisor of 7362 and 182414?
818
Calculate the greatest common divisor of 3388 and 468512.
484
Calculate the highest common factor of 74 and 22866.
74
What is the greatest common divisor of 319 and 154?
11
What is the highest common divisor of 41 and 42271?
41
What is the highest common factor of 20 and 7390?
10
What is the greatest common factor of 972 and 458244?
108
What is the greatest common divisor of 1771492 and 642?
214
Calculate the greatest common factor of 34590 and 30.
30
What is the greatest common divisor of 218863 and 116?
29
Calculate the highest common divisor of 32 and 207712.
32
What is the highest common divisor of 2660 and 95270?
70
What is the greatest common divisor of 1 and 320851?
1
Calculate the highest common divisor of 577712 and 16.
16
What is the highest common factor of 7470 and 630?
90
What is the highest common factor of 452 and 48364?
452
What is the highest common factor of 42635 and 355?
5
What is the greatest common divisor of 8928 and 215264?
992
Calculate the greatest common factor of 14 and 930041.
7
Calculate the highest common factor of 355 and 222727.
71
What is the highest common factor of 638640 and 720?
720
What is the highest common divisor of 85599 and 279?
9
Calculate the highest common factor of 148 and 7.
1
Calculate the greatest common factor of 10290 and 945.
105
What is the highest common divisor of 1400 and 9408?
56
Calculate the highest common divisor of 32 and 1604.
4
Calculate the greatest common factor of 68 and 5933.
17
What is the highest common factor of 252 and 19096?
28
Calculate the greatest common factor of 46305 and 3105.
135
What is the greatest common divisor of 483 and 921?
3
Calculate the greatest common factor of 40 and 66520.
40
What is the greatest common factor of 3881204 and 92?
92
What is the greatest common divisor of 1154487 and 51?
51
Calculate the highest common factor of 4192 and 122747.
131
Calculate the highest common divisor of 470004 and 11766.
318
Calculate the highest common factor of 45696 and 10192.
112
What is the greatest common divisor of 52 and 1396772?
52
What is the highest common factor of 838000 and 25?
25
Calculate the greatest common factor of 3676 and 3756.
4
Calculate the greatest common divisor of 25476 and 60.
12
What is the greatest common divisor of 11628 and 1530?
306
Calculate the greatest common factor of 81708 and 12.
12
What is the highest common factor of 1988 and 373247?
497
Calculate the greatest common divisor of 214305 and 13195.
455
What is the greatest common divisor of 184275 and 910?
455
Calculate the highest common factor of 159511 and 935.
187
Calculate the greatest common divisor of 2754 and 3888.
162
What is the highest common factor of 37771 and 107?
107
What is the highest common divisor of 1395 and 2565?
45
Calculate the greatest common divisor of 11744 and 151938.
734
What is the highest common divisor of 817 and 11789310?
817
What is the highest common factor of 651 and 878633?
217
What is the highest common factor of 13518 and 822?
6
What is the highest common divisor of 9718 and 1469?
113
What is the greatest common divisor of 1668 and 39?
3
What is the greatest common divisor of 45873 and 1458?
27
What is the greatest common divisor of 1596 and 580188?
84
Calculate the highest common factor of 651 and 609.
21
What is the highest common divisor of 3626 and 128086?
98
What is the highest common divisor of 16632 and 21816?
216
What is the greatest common divisor of 324 and 639360?
108
Calculate the highest common divisor of 69 and 1633.
23
What is the greatest common divisor of 270 and 24105?
15
What is the greatest common divisor of 38 and 2548774?
38
What is the greatest common divisor of 452 and 38081?
113
What is the greatest common factor of 7004 and 27200?
68
What is the greatest common factor of 43928 and 304?
152
Calculate the greatest common factor of 55 and 4628800.
55
What is the greatest common divisor of 11 and 85998?
11
Calculate the greatest common factor of 8 and 1944.
8
Calculate the greatest common divisor of 164780 and 440.
220
What is the greatest common factor of 113886 and 324?
162
Calculate the greatest common divisor of 836 and 101200.
44
What is the greatest common factor of 118 and 86081?
59
Calculate the highest common divisor of 14 and 1099742.
14
Calculate the greatest common factor of 14924 and 700.
28
What is the highest common divisor of 37599 and 9513?
453
Calculate the highest common divisor of 147317 and 5761.
823
Calculate the highest common divisor of 824736 and 1815.
363
Calculate the greatest common factor of 3250 and 2054.
26
Calculate the highest common factor of 936 and 3328.
104
What is the greatest common divisor of 42220 and 85?
5
What is the greatest common factor of 20789964 and 36?
36
Calculate the greatest common factor of 18650 and 2075.
25
What is the greatest common divisor of 372852 and 24?
12
Calculate the greatest common factor of 10320 and 2432.
16
Calculate the highest common factor of 85310 and 190.
190
What is the highest common divisor of 5358 and 342?
114
What is the highest common divisor of 1285280 and 116?
116
What is the greatest common factor of 20 and 1340?
20
Calculate the highest common divisor of 1077638 and 142.
142
Calculate the greatest common divisor of 1431 and 258057.
477
Calculate the highest common divisor of 1163687 and 1295.
259
What is the highest common factor of 8 and 872?
8
What is the highest common factor of 1344 and 32928?
672
Calculate the greatest common divisor of 11703 and 249.
249
Calculate the highest common factor of 2 and 204454.
2
Calculate the greatest common factor of 2723372 and 1940.
388
Calculate the highest common factor of 106918 and 1414.
14
What is the highest common divisor of 266 and 26866?
266
Calculate the greatest common divisor of 616160 and 1312.
32
Calculate the greatest common factor of 35014 and 4346.
82
Calculate the greatest common divisor of 503472 and 102.
102
What is the highest common factor of 21 and 298137?
21
Calculate the greatest common divisor of 419 and 9.
1
What is the highest common divisor of 836 and 4279?
11
Calculate the greatest common divisor of 18891 and 18.
9
Calculate the greatest common factor of 63 and 18459.
63
Calculate the highest common factor of 921 and 75215.
307
What is the highest common factor of 163 and 892751?
163
Calculate the greatest common factor of 3465605 and 2035.
2035
What is the greatest common divisor of 17 and 66827?
17
What is the highest common factor of 57276 and 2574?
18
What is the greatest common factor of 15523 and 43?
43
Calculate the highest common divisor of 1184755 and 5.
5
What is the greatest common divisor of 880 and 18832?
176
Calculate the highest common factor of 3245 and 2635235.
295
Calculate the greatest common divisor of 1428 and 1566.
6
Calculate the highest common divisor of 120143 and 10233.
379
What is the